d by q?
10
Let n(c) = c**2 + 3*c + 2. Let t be n(-3). Suppose -4*j + 20 = 2*h, 0 = -h + 2*j - j - t. Calculate the remainder when 2 is divided by h.
0
Suppose -40 = -8*l - 8. Suppose -z - 3 = l*k + 4*z, 3*k = -5*z - 6. Suppose 7 = 4*i - 5. What is the remainder when i is divided by k?
0
Let m = 1274 - 705. Calculate the remainder when m is divided by 95.
94
Let t(o) = 50*o - 4. Let p be t(-4). Calculate the remainder when -1*(0 + 26/(-2)) is divided by (-2)/11 - p/33.
1
Let o(u) = -39*u**3 + u**2 + 2*u + 1. Suppose -p = -2*q - 0*p + 227, -217 = -2*q + 3*p. Calculate the remainder when q is divided by o(-1).
38
Suppose -5*r + 22 = 3*s, -5*s + 4 + 10 = -3*r. Suppose -2*a = -3*b - 11, 10*a - 12*a + 5*b + 1 = 0. Calculate the remainder when a is divided by s.
1
Let v = 602 - 528. Calculate the remainder when v is divided by 26.
22
Let s(n) be the first derivative of 6*n**3 - n**2/2 - 2*n + 124. Let g be (-6)/2 - (0 + -2). Calculate the remainder when 65 is divided by s(g).
14
Suppose 24*a - 44 = 20*a. Calculate the remainder when 18 is divided by a.
7
Suppose 31*x = 13*x + 684. What is the remainder when 1024 is divided by x?
36
Let p = -29 - -53. What is the remainder when 60 is divided by p?
12
Let g(d) = d**3 + 5*d**2 - 7*d - 2. Let p be g(-6). Suppose 0 = -p*w - 2*w + 258. Let l = -24 + w. What is the remainder when l is divided by 7?
5
Let n(m) = 11*m**2 + m. Let f be n(-3). Let x = -37 + f. Calculate the remainder when x is divided by 10.
9
Let u = 114 - 84. Suppose -4*f = -3*g - 116, -f + g + 0*g + u = 0. What is the remainder when f is divided by 16?
10
Let c(f) = 9*f**3 + 2*f - 1. What is the remainder when c(2) is divided by (-4884)/(-187) + (-14)/119?
23
Let u = 3 + 22. Suppose 4*w + 5*b - 391 = 0, -b = -34 + 35. What is the remainder when w is divided by u?
24
Calculate the remainder when (-77)/(-1)*(-24 - -25) is divided by 6.
5
Suppose 343 = 5*j + 3*k, 2*k = -5*j + 159 + 188. Calculate the remainder when j is divided by 24.
23
Let z = -7 - -15. Suppose z*p - 3*p - 20 = 0. Suppose r + 8 = 2*g, -p*g - 3*r - 8 = -44. What is the remainder when 10 is divided by g?
4
Let r(h) = h + 35. Let t = 89 + -29. Suppose c - 62 = t. What is the remainder when c is divided by r(-4)?
29
Let o be -1 - 4/8*-2. Suppose 0 = -2*i + 3*c + 2*c + 21, 5*c + 25 = o. Let v(a) = -2*a + 1. Calculate the remainder when 13 is divided by v(i).
3
Let q(a) = 5*a - 1. Calculate the remainder when q(3) is divided by (18 + -2)*(7/(-14) - -1).
6
Let k(y) = -2*y - 3. Let d be k(-3). Suppose m + 6 = d*m. Calculate the remainder when m is divided by 1.
0
Let l = -67 + 73. Suppose 2*h - 480 = -14*h. What is the remainder when h is divided by l?
0
Let z = -25 + 151. Suppose 4*m - z = -2. Calculate the remainder when m is divided by 16.
15
Let k = -60 - -34. Let m = -20 - k. Calculate the remainder when 27 is divided by m.
3
Suppose -207 = -5*y + 303. What is the remainder when y is divided by 34?
0
Suppose -4*b = 18*g - 21*g + 307, 3*g - b = 313. What is the remainder when 336 is divided by g?
21
Suppose 0 = 3*f - 2*f + k - 165, 4*f = -2*k + 660. Let c = -131 + f. What is the remainder when c is divided by 13?
8
Let x = 45 + -10. Suppose 3*y = y - z + x, 5*y - 3*z - 82 = 0. What is the remainder when 134 is divided by y?
15
Suppose -22*i - 286 = -1716. What is the remainder when 192 is divided by i?
62
What is the remainder when 2/((-6)/(-87)) - (2 - -3) is divided by 9?
6
Let l = 619 + -610. What is the remainder when (-76)/(-6) - (-2)/(-3) is divided by l?
3
Let s = 417 - 403. Suppose -2*m - 162 = -5*m. Calculate the remainder when m is divided by s.
12
Let u(c) = 2*c + 15. What is the remainder when 148 is divided by u(8)?
24
Let w = 235 + -214. What is the remainder when 166 is divided by w?
19
Suppose -2*o = -5*i + 20, 3*i = -i + 3*o + 9. Let y(n) = 4*n**2 - 15*n + 1. What is the remainder when y(5) is divided by (i/4)/(7/42)?
8
Let u(b) = b + 1. Let j be u(4). Suppose 0*k + 205 = j*k. Let x = -245 - -259. What is the remainder when k is divided by x?
13
Let x(o) = -9*o + 436. Calculate the remainder when 521 is divided by x(42).
57
Suppose w + 11 = 3*i, 5*i + 20 = 9*i + 4*w. What is the remainder when 166 is divided by i?
2
What is the remainder when -22*(25/(-2))/5 is divided by 34?
21
Suppose -24 - 12 = -2*b + 4*k, 4*b + 2*k = 22. Let p = 13 - b. Suppose -5*q + 90 = p*w, w - 4*q - 31 = 2. Calculate the remainder when 39 is divided by w.
18
Let r(o) = -9*o + 7. Let p(u) = 18*u - 7. What is the remainder when p(3) is divided by r(-2)?
22
Let z = 58 + -159. Let w = 158 + z. Suppose -1653*m + 5480 = -1379*m. What is the remainder when w is divided by m?
17
Suppose 4*h = 3*c + 443, 5*c - 292 + 51 = -2*h. Suppose v = -0*v + h. What is the remainder when v is divided by 29?
26
Suppose -z = -2*z + i + 8, z = 2*i + 7. Let p = 37 - 34. What is the remainder when 6/(102/32 - p) is divided by z?
5
Suppose 336 = 22*a - 764. Calculate the remainder when 447 is divided by a.
47
Calculate the remainder when 19 is divided by (-26)/(-2*(-5 - -6)).
6
Suppose 0 = 4*j + 25*j - 8062. What is the remainder when j is divided by 63?
26
Let a be 1/1 + (-15)/3. Let p(b) = b**3 + 4*b**2 - 4*b - 1. Let o = 3 + 6. What is the remainder when p(a) is divided by o?
6
Let r = 15 - 7. Suppose r*f - 32 = 6*f. Suppose -2*b + 8 + 10 = 0. What is the remainder when f is divided by b?
7
Let u = -467 + 471. What is the remainder when 447 is divided by u?
3
Let o(h) = 27*h**2. Let p be o(3). Suppose -2*c + 26 = l, 5*l + 68 = -c + p. Suppose -4*d + l = -d. Calculate the remainder when 22 is divided by d.
10
Let j = -1 - -120. Calculate the remainder when j is divided by 19.
5
Let p(l) = 3*l**3 - 8*l**2 + 14*l - 12. Let m be p(5). Let u = -122 + m. Calculate the remainder when u is divided by 28.
27
Let s(i) = i**2 - 4*i + 8*i - 5*i - 2. Let x be s(2). Suppose 50 = 5*q + 3*p, x = 5*q - 5*p + 3 - 13. What is the remainder when 25 is divided by q?
4
Let w = 23 + -2. Let a = w - 18. Suppose 3*d = -a*l, l = 5*d - 4*l - 40. What is the remainder when 11 is divided by d?
3
Let k(y) = y**3 - 24*y**2 + 23*y + 4. Let j be k(23). Suppose -125 = -n - j*n - 5*h, 0 = 5*n + h - 137. Calculate the remainder when 48 is divided by n.
20
Suppose -37 + 157 = q + 2*k, -5*q - 5*k + 590 = 0. What is the remainder when q is divided by 11?
6
Suppose -54*w + 45*w = -396. What is the remainder when w is divided by 24?
20
Let n = -429 - -470. What is the remainder when 189 is divided by n?
25
Calculate the remainder when (-45)/180 - 433/(-4) is divided by 23.
16
What is the remainder when 156 - 5 - 6 - 11 is divided by 25?
9
Suppose 0 = 3*w - x + 184, -4*w = 2*x + 247 - 5. Let q = -10 - w. Calculate the remainder when q is divided by 13.
12
Suppose -5 = -4*u + 7. Suppose u*h - 5*r = 223, -2*r + 114 - 25 = h. Let i(k) = 6*k + 9. What is the remainder when h is divided by i(2)?
18
Let m(n) = 3*n**2 + n - 14. Suppose 3*v - 3*l = 6*v + 3, 4*v = -3*l. Calculate the remainder when 46 is divided by m(v).
14
Let t(u) = 2*u**2 + 8*u + 5. Let w be t(-4). Let x = w + 15. Calculate the remainder when x is divided by 11.
9
Let r = 954 - 940. What is the remainder when 275 is divided by r?
9
Let u(x) = 30*x - 26. What is the remainder when u(3) is divided by 37?
27
Let n(k) = -k**2 + 4*k + 683. What is the remainder when n(-24) is divided by 3?
2
Suppose -3*v + 33 + 27 = 0. Let p = v - 10. What is the remainder when (-1 - 75/(-2)) + (-64)/(-128) is divided by p?
7
Suppose 0 = -5*p - 3*o + 3, 0*p + 2*o - 2 = -5*p. Suppose -a + 9 + 0 = p. What is the remainder when 43 is divided by a?
7
Let i be -2 + 4 + (-6)/(-2). Suppose -i*c = -303 + 68. What is the remainder when c is divided by 13?
8
Let t(p) = p + 11. Let i be t(4). Suppose -i = -2*r + m, -r = 2*r + 2*m - 40. Let k(z) = z**3 + 2*z**2 - z. What is the remainder when r is divided by k(-2)?
0
Let c(t) = 11*t**2 - 6. Let v be c(3). Suppose -3*z - v = -2*q, -3*q + 57 + 81 = -4*z. What is the remainder when 10 is divided by (q/(-7))/(4/(-2))?
1
Let s = 252 - -683. Calculate the remainder when s is divided by 13.
12
Suppose -234*l = -225*l - 450. What is the remainder when 170 is divided by l?
20
Calculate the remainder when (3 - (-848)/12) + 8/6 is divided by 13.
10
Let t be (3/4)/(8/64). Let k(j) =